Calculate j(2).
7
Let r(t) = 106*t + 316. What is r(-3)?
-2
Let k(y) = y + 4. Determine k(15).
19
Let a(f) = -f**2 - 9*f - 7. Determine a(-8).
1
Let f(r) = -r - 25. Give f(-15).
-10
Let r(q) = -4*q**2 + 2. Give r(-3).
-34
Let c(l) = 9*l + 4. Give c(-5).
-41
Let b(r) = -7*r + 204. Give b(29).
1
Let c(j) = 27*j + 5. Give c(5).
140
Let l(q) = -2*q + 17. What is l(9)?
-1
Let p(m) = -5*m + 71. Give p(16).
-9
Let i(b) = 10*b - 260. Determine i(29).
30
Let l(h) = -h**2 + 9*h - 14. Determine l(7).
0
Let u(n) = -n**3 - 6*n**2 + 9*n + 1. Calculate u(-7).
-13
Let i(r) = -11*r**2 + 5*r + 4. What is i(-1)?
-12
Let m(r) = r**3 - 8*r**2 + 5*r - 5. What is m(6)?
-47
Let a(p) = p**2 + 9*p - 5. Give a(-6).
-23
Let a(u) = -11*u**2 + 8*u - 2. Determine a(2).
-30
Let w(l) = -6*l - 5. Determine w(-4).
19
Let u(t) = -5*t - 77. Determine u(-15).
-2
Let u(q) = -27*q - 258. Calculate u(-9).
-15
Let y(n) = 2*n**2 - 4*n + 5. Determine y(2).
5
Let v(u) = u**2 + 31*u - 361. What is v(-40)?
-1
Let g(z) = -2*z + 14. Calculate g(16).
-18
Let a(z) = z**3 - z**2 - 4*z + 4. Determine a(-2).
0
Let v(i) = 4*i - 6. Calculate v(3).
6
Let y(t) = t**3 + 8*t**2 + 4*t - 2. Give y(-5).
53
Let p(k) = -k**3 - 30*k**2 - 53*k + 87. What is p(-28)?
3
Let d(c) = -c**3 - 25*c**2 + 57*c + 5. What is d(-27)?
-76
Let c(i) = -i**3 + 3*i + 1. What is c(4)?
-51
Let i(q) = -6*q - 10. Give i(-2).
2
Let t(u) = u - 9. What is t(4)?
-5
Let p(m) = -4*m**2 + 46*m - 46. Calculate p(1).
-4
Let g(p) = -41*p + 116. Determine g(5).
-89
Let g(c) = -c**2 - 3*c + 8. What is g(-4)?
4
Let a(b) = 8*b - 16. Give a(3).
8
Let p(x) = x**2 - 3*x - 15. What is p(9)?
39
Let y(c) = -c**3 + 2*c**2 - 2*c + 1. Give y(1).
0
Let s(k) = k**2 - k - 18. Determine s(0).
-18
Let t(k) = k**3 - 11*k**2 + 3*k + 31. Calculate t(10).
-39
Let w(t) = -16*t + 100. Determine w(6).
4
Let m(y) = -y**2 - 14*y - 9. Determine m(-12).
15
Let h(x) = -x**3 - x**2 + 13*x - 15. Give h(-5).
20
Let c(g) = -2*g**2 + 5*g - 2. What is c(3)?
-5
Let x(v) = -22*v + 189. Determine x(9).
-9
Let c(t) = -2*t**2 + 4*t + 1. Calculate c(7).
-69
Let d(l) = -51*l + 599. Determine d(12).
-13
Let a(h) = -h**3 - 4*h**2 - 4*h - 6. Give a(-4).
10
Let i(y) = -y + 2. Determine i(10).
-8
Let y(h) = -h**2 + 6*h + 22. What is y(10)?
-18
Let y(a) = -32*a**3 - a**2 - 2*a. Give y(-1).
33
Let r(p) = -p**3 - 10*p**2 - 17*p - 9. Determine r(-8).
-1
Let v(u) = -3*u**2 + 7. What is v(2)?
-5
Let l(v) = -v**2 + 34*v - 39. What is l(33)?
-6
Let d(k) = 2*k**3 + 10*k**2 + 2. Calculate d(-5).
2
Let s(i) = 2*i**3 + 6*i**2 - i - 14. Calculate s(-3).
-11
Let r(d) = -d**2 + 40*d + 170. Determine r(44).
-6
Let s(u) = 5*u**3 - 2*u**2 + 4*u - 7. Calculate s(3).
122
Let x(k) = -11*k**3 + k**2 + 9*k + 8. Determine x(-1).
11
Let t(c) = -2*c**2 - 70*c - 2. Give t(-35).
-2
Let x(g) = -3*g**2 - 21*g - 40. Calculate x(-2).
-10
Let m(r) = -r. What is m(19)?
-19
Let d(f) = 12*f + 42. Calculate d(-12).
-102
Let q(x) = -x**3 - 8*x**2 - 6*x. Determine q(-6).
-36
Let x(h) = -3*h - 9. What is x(-3)?
0
Let b(z) = -z**2 - 14*z - 16. Give b(-12).
8
Let v(g) = -g**3 + 13*g**2 + g - 14. Calculate v(13).
-1
Let v(c) = c**3 + 37*c**2 - c - 32. Determine v(-37).
5
Let x(d) = d - 41. Give x(10).
-31
Let l(x) = -x**2 - 9*x + 12. What is l(-9)?
12
Let t(b) = 31*b + 211. What is t(-7)?
-6
Let j(w) = -10*w + 103. Determine j(10).
3
Let a(m) = -m**3 + 5*m**2 + 2*m + 7. What is a(5)?
17
Let q(m) = 4*m**2 - 40*m + 17. Calculate q(10).
17
Let w(s) = -s**2 + 20*s + 2. Calculate w(20).
2
Let b(p) = -23*p - 111. Give b(-5).
4
Let w(c) = -2*c**2 + 33*c - 12. Determine w(15).
33
Let h(b) = b**2 + 5*b - 7. What is h(-8)?
17
Let a(l) = 2*l**2 + 13*l + 15. What is a(-5)?
0
Let p(c) = c**2 + 17*c + 22. What is p(-16)?
6
Let d(c) = 7*c**3 - c**2 - 2*c - 1. Determine d(-2).
-57
Let s(q) = -q**2 + 2*q + 5. Determine s(4).
-3
Let g(q) = q + 8. Calculate g(5).
13
Let g(y) = -5*y + 12. Give g(2).
2
Let j(o) = -3*o**2 + 6*o - 6. What is j(4)?
-30
Let v(i) = 5*i**2 + 22*i - 6. What is v(-5)?
9
Let h(u) = u**3 + 38*u**2 + 42*u + 64. Give h(-37).
-121
Let s(v) = 25*v. Give s(1).
25
Let i(d) = d - 8. Give i(9).
1
Let y(t) = 3*t + 19. Calculate y(-16).
-29
Let m(v) = 96*v**2 + 4*v + 3. Give m(-1).
95
Let x(r) = -r**3 - 7*r**2 - 5*r - 7. Calculate x(-5).
-32
Let v(o) = 5*o**2 - 5*o - 1. What is v(3)?
29
Let v(h) = -h**3 - 8*h**2 - 10*h - 15. What is v(-7)?
6
Let c(y) = 7*y - 16. Determine c(3).
5
Let b(n) = n**3 + 8*n**2 + 7*n - 2. Give b(-7).
-2
Let p(z) = 5*z + 95. What is p(-20)?
-5
Let v(g) = -g**3 + 5*g**2 + 17*g - 21. What is v(7)?
0
Let d(l) = -6*l + 172. Determine d(28).
4
Let y(x) = 2*x + 2. What is y(-2)?
-2
Let u(w) = w**3 - 17*w**2 - 17*w - 24. Give u(18).
-6
Let a(q) = q**2 + q - 1. Calculate a(0).
-1
Let y(l) = -l**3 - 23*l**2 + 48*l - 48. What is y(-25)?
2
Let w(l) = -2*l - 29. What is w(-13)?
-3
Let x(y) = -4*y**2 + 5*y - 3. What is x(3)?
-24
Let b(t) = -t**3 + t**2 + 3*t - 2. Give b(2).
0
Let d(z) = z**3 - z**2 - 3*z + 2. Give d(0).
2
Let f(d) = 10*d - 405. Give f(40).
-5
Let u(k) = k**3 + 5*k**2 + 3*k + 13. Determine u(-4).
17
Let l(v) = -v**3 + 4*v**2 - 5*v + 7. What is l(3)?
1
Let o(x) = -3*x - 85. Calculate o(-24).
-13
Let j(q) = 4*q**2 + 2*q - 3. What is j(-3)?
27
Let a(o) = o**3 + 7*o**2 + 17*o + 2. What is a(-5)?
-33
Let l(p) = -p**3 + 3*p**2 - 12*p + 36. Calculate l(3).
0
Let q(t) = -t**3 + 9*t**2 - 4*t - 25. What is q(8)?
7
Let u(w) = -20*w + 114. Give u(6).
-6
Let i(g) = 7*g - 17. What is i(4)?
11
Let n(b) = b**3 - 17*b**2 + 14*b + 21. Calculate n(16).
-11
Let u(s) = -8*s - 54. Give u(-6).
-6
Let d(p) = -3*p**2 - p. Calculate d(1).
-4
Let v(x) = -x**3 + 8*x**2 - 13*x + 4. What is v(6)?
-2
Let t(o) = 3*o**2 - 26*o - 15. Calculate t(8).
-31
Let c(u) = -u**3 + 8*u**2 + 10*u - 5. Give c(9).
4
Let m(l) = l**3 + l - 31. What is m(0)?
-31
Let b(h) = -3*h**2 + h - 3. Calculate b(-4).
-55
Let a(s) = 3*s**2 + 4*s - 2. Give a(0).
-2
Let t(o) = o**2 - 47*o - 132. Calculate t(50).
18
Let z(b) = b**2 + 3*b + 3. Calculate z(-3).
3
Let z(u) = -4*u**2 + 16*u - 2. What is z(2)?
14
Let p(s) = 15*s**2 - s - 2. Calculate p(2).
56
Let a(g) = g**3 - 3*g**2 - 2*g - 1. Give a(4).
7
Let i(k) = k - 12. Calculate i(13).
1
Let b(p) = -3*p - 4. Give b(9).
-31
Let t(p) = 45*p**2 - 2*p - 1. Give t(-1).
46
Let t(p) = -63*p - 1131. What is t(-18)?
3
Let f(l) = l**2 + 13*l + 47. Calculate f(-10).
17
Let v(x) = -6*x - 2. What is v(-4)?
22
Let x(u) = -u - 5. Calculate x(-6).
1
Let n(b) = 16*b + 10. What is n(5)?
90
Let a(w) = w - 13. Give a(6).
-7
Let t(l) = l**2 + 25*l + 113. What is t(-18)?
-13
Let g(b) = -6*b**3 + 2*b**2 + b - 1. Give g(2).
-39
Let z(w) = 2*w**2 - 2*w - 4. What is z(3)?
8
Let c(u) = -u**3 - 11*u**2 + 15*u + 32. Determine c(-12).
-4
Let s(g) = 4*g - 3. Determine s(1).
1
Let g(n) = -n**3 + 2*n**2 + 65*n + 20. Calculate g(-7).
6
Let f(b) = b**3 + 6*b**2 + 4*b + 1. Determine f(-5).
6
Let s(k) = -k**2 + 20*k + 36. Calculate s(11).
135
Let g(o) = o**3 + 30*o**2 + 64*o + 230. Calculate g(-28).
6
Let t(b) = 2*b**3 + 3*b**2 - 10*b + 5. Give t(-5).
-120
Let n(b) = 6*b - 1. Determine n(3).
17
Let c(d) = -d**3 + 6*d**2 - 2*d + 8. Give c(6).
-4
Let z(h) = -50*h**3 + h - 1. What is z(1)?
-50
Let d(n) = n**2 + 5*n + 12. Give d(-5).
12
Let a(y) = -y**2 - 4*y + 9. What is a(-6)?
-3
Let n(s) = 4*s**3 - s**2. What is n(-1)?
-5
Let m(h) = 2*h**2 - 6*h + 2. Give m(5).
22
Let o(x) = -2*x**2 - x - 2. Calculate o(-1).
-3
Let x(y) = -y**2 + 28*y + 201. Determine x(34).
-3
Let x(q) = q**3 + 3*q**2 + 2*q - 1. Determine x(-3).
-7
Let r(d) = -4*d - 6. Determine r(-6).
18
Let v(d) = 2*d - 34. Calculate v(18).
2
Let k(z) = 8*z + 29. Give k(5).
69
Let u(o) = o**2 + 3*o - 20. Calculate u(0).
-20
Let p(h) = -3*h + 25. What is p(6)?
7
Let o(d) = -2*d**3 + 4*d**2 - 4*d - 1. Calculate o(4).
-81
Let s(u) = 4*u**2 + 6*u + 2. Determine s(-2).
6
Let g(y) = y**2 + 2*y + 16. Calculate g(-7).
51
Let t(x) = x**3 - x**2 + 5. Determine t(0).
5
Let w(v) = -3*v - 2. Give w(-1).
1
Let f(q) = -q**3 - 1. Calculate f(3).
-28
Let x(z) = z**2 - 9*z + 7. Give x(8).
-1
Let b(t) = 4*t - 8. Give b(-5).
-28
Let v(n) = 12*n**3 + 4*n + 3. Give v(-1).
-13
Let i(k) = 26*k - 45. Calculate i(4).
59
Let t(h) = h + 7. Determine t(2).
9
Let c(h) = -h**3 - 23*h**2 - 37*h + 91. Determine c(-21).
-14
Let x(o)